6
Let v(i) = -3*i**2 - 14*i + 33. Determine v(-8).
-47
Let k(z) = -128*z + 631. Calculate k(5).
-9
Let y(k) = -3*k**3 + 16*k**2 + 15*k - 102. Give y(5).
-2
Let p(t) = 37*t**2 + 119*t - 118. Determine p(-4).
-2
Let i(m) = 1864*m - 11178. Give i(6).
6
Let c(y) = -y**2 + 64*y - 1023. Calculate c(29).
-8
Let q(w) = 261*w + 18002. Give q(-69).
-7
Let l(b) = b**3 + 20*b**2 - b + 945. What is l(-22)?
-1
Let j(r) = 2*r**3 + r**2 - 66*r - 150. Give j(-3).
3
Let j(i) = i**2 + 91*i + 426. Calculate j(-5).
-4
Let x(w) = 256*w - 7955. Calculate x(31).
-19
Let m(l) = -18*l + 940. What is m(52)?
4
Let h(i) = -692*i - 41516. Calculate h(-60).
4
Let l(v) = -419*v - 19264. What is l(-46)?
10
Let d(a) = -26*a - 16. Determine d(-6).
140
Let v(i) = -31*i - 478. Give v(-27).
359
Let o(c) = 5*c**2 + 137*c - 256. Determine o(-29).
-24
Let j(l) = -6*l**2 - 58*l - 26. Determine j(-6).
106
Let y(q) = -27*q + 1203. Give y(47).
-66
Let d(z) = -z**3 - 19*z**2 + 25*z + 131. Determine d(-20).
31
Let p(l) = -l**3 - 8*l**2 - 5*l + 33. Give p(-5).
-17
Let q(f) = -f**3 - 7*f**2 + 19*f - 57. Give q(6).
-411
Let k(o) = -15*o - 292. What is k(0)?
-292
Let a(z) = -z**3 - 8*z**2 - 15*z - 138. Give a(-8).
-18
Let r(i) = i**2 + 60*i + 804. Give r(-20).
4
Let k(x) = -2*x**3 + 123*x**2 - 298*x + 173. What is k(59)?
-4
Let w(r) = 12*r**2 + 380*r - 75. Give w(-32).
53
Let u(z) = z**3 - 21*z**2 + 60*z + 435. Determine u(9).
3
Let y(k) = 3*k**3 + 5*k**2 - 15*k - 34. Give y(-2).
-8
Let o(a) = -25*a**3 + 2*a**2 - 5. Give o(2).
-197
Let j(n) = -n**3 - 3*n**2 + 245*n - 33. What is j(14)?
65
Let x(l) = l**3 + 5*l**2 - 444*l - 2638. Give x(-6).
-10
Let m(a) = -5*a**2 + 18*a. Calculate m(4).
-8
Let d(x) = x**3 - 6*x**2 - 25*x + 46. What is d(9)?
64
Let p(r) = 25*r + 50. Give p(-2).
0
Let j(f) = f**2 + 3365*f + 26838. Determine j(-8).
-18
Let t(n) = -2*n**3 + 27*n**2 - 11*n + 18. Determine t(3).
174
Let y(i) = 16*i - 25. Give y(7).
87
Let q(w) = 12632*w + 63163. Calculate q(-5).
3
Let a(o) = -o**2 - 278*o + 3479. Give a(12).
-1
Let q(d) = -983*d + 2950. Give q(3).
1
Let s(v) = -2*v**2 + 66*v - 3. Calculate s(0).
-3
Let s(t) = -28*t - 116. Give s(-3).
-32
Let d(m) = 38*m**2 - 82*m - 54. Determine d(-1).
66
Let a(i) = -22*i**2 + 27*i + 60. Give a(-3).
-219
Let u(m) = -6*m**2 - 11*m - 5. What is u(3)?
-92
Let z(r) = -169*r**2 + 27*r - 25. What is z(1)?
-167
Let v(h) = -11*h + 109. Determine v(15).
-56
Let g(f) = 2347*f - 28188. Calculate g(12).
-24
Let u(f) = -f**3 - f - 53. Calculate u(0).
-53
Let s(i) = i**3 + 7*i**2 + i + 6. Determine s(-3).
39
Let a(g) = -12279*g + 61391. Determine a(5).
-4
Let c(p) = p**2 + 1001*p + 3985. Determine c(-4).
-3
Let h(l) = -13*l - 172. Calculate h(-12).
-16
Let i(b) = 6*b + 40. Determine i(3).
58
Let d(s) = 20*s - 263. Give d(13).
-3
Let q(v) = -48*v + 567. What is q(14)?
-105
Let a(b) = b**2 + 116*b + 917. Determine a(-9).
-46
Let v(s) = -45*s - 82. What is v(-4)?
98
Let v(q) = -q**2 + 77*q + 1165. Calculate v(-13).
-5
Let r(y) = -527*y - 5274. Calculate r(-10).
-4
Let j(r) = -640*r + 4483. Determine j(7).
3
Let w(o) = o**3 + 2*o**2 + 4*o + 2. Calculate w(0).
2
Let u(s) = 92*s + 429. Give u(-5).
-31
Let m(p) = 108*p - 345. What is m(8)?
519
Let n(c) = c**3 + 11*c**2 - 138*c - 1466. Calculate n(-14).
-122
Let n(j) = 3*j**3 + 32*j**2 + 86*j + 5. Determine n(-6).
-7
Let s(z) = z**2 + 7*z + 6. Calculate s(8).
126
Let f(j) = j**2 - 21*j - 3072. Determine f(67).
10
Let m(d) = 208*d + 2079. Give m(-10).
-1
Let x(m) = -225*m + 93. Determine x(0).
93
Let r(w) = -61*w - 145. Give r(-3).
38
Let v(o) = o**3 - 15*o**2 - 42*o - 54. Calculate v(18).
162
Let p(z) = -5*z**2 + 11*z - 48. Calculate p(5).
-118
Let q(o) = 2*o**2 + 184*o + 1788. Give q(-11).
6
Let w(v) = -2*v**2 - 134*v + 412. Determine w(-70).
-8
Let g(n) = n**2 - 45*n + 84. What is g(44)?
40
Let n(b) = -48*b - 1805. What is n(-37)?
-29
Let q(j) = 3*j**2 - 3*j - 4. Determine q(0).
-4
Let d(g) = -g**3 - 6*g**2 + 34*g + 22. What is d(5)?
-83
Let b(h) = -282*h + 1965. Give b(7).
-9
Let r(y) = -y**3 + 16*y**2 - 91*y + 252. Determine r(9).
0
Let u(g) = 59*g + 361. Calculate u(-6).
7
Let o(q) = 10*q**3 + 8*q**2 + 72*q + 124. Determine o(-2).
-68
Let l(x) = -3*x**2 + 213*x + 483. What is l(73)?
45
Let m(b) = 7*b**2 + 67*b - 4. Calculate m(-11).
106
Let s(g) = 38*g + 1275. Give s(-34).
-17
Let n(w) = -w**2 + 20*w - 103. Give n(15).
-28
Let c(q) = 11*q - 144. What is c(9)?
-45
Let h(f) = -f**2 + 18*f + 441. Give h(-14).
-7
Let n(d) = -11*d**2 + 386*d - 42. Calculate n(35).
-7
Let t(r) = 9*r**2 + 265*r - 40. Calculate t(-29).
-156
Let j(a) = a**3 + 15*a**2 + 66*a + 48. Determine j(-8).
-32
Let s(f) = 5*f**2 + 73*f - 153. Determine s(2).
13
Let w(l) = l**3 - 11*l**2 + l - 63. Determine w(11).
-52
Let g(i) = i**3 + 39*i**2 + 30*i - 37. Calculate g(-38).
267
Let x(g) = -14*g - 460. Calculate x(-33).
2
Let q(v) = -5*v + 148. Determine q(-3).
163
Let s(v) = 2105*v + 2100. What is s(-1)?
-5
Let t(k) = 32*k**2 + 435*k + 5. What is t(-14)?
187
Let y(d) = 2*d**3 + 56*d**2 + 50*d - 116. Give y(-27).
-8
Let d(y) = 4*y - 43. What is d(10)?
-3
Let q(s) = s**3 + 33*s**2 + 251*s + 26. Determine q(-21).
47
Let s(x) = -x**3 + 12*x**2 - 66*x - 7. Give s(5).
-162
Let y(f) = -2*f**2 - 498*f + 15508. Give y(28).
-4
Let n(f) = 61*f**2 - 27*f - 1. Calculate n(2).
189
Let v(r) = -15*r**2 + 72*r + 235. What is v(7)?
4
Let w(f) = -f**2 + 141*f + 962. Determine w(-7).
-74
Let d(s) = s**3 - 15*s**2 + 38*s + 2. Give d(6).
-94
Let j(n) = -83*n - 1398. Determine j(-16).
-70
Let k(q) = -4*q**3 - 13*q**2 + 30*q + 13. Calculate k(-5).
38
Let b(d) = 759*d + 1510. Determine b(-2).
-8
Let t(z) = -8*z**2 + 366*z - 251. Calculate t(45).
19
Let d(f) = f**3 - 43*f**2 - 131*f - 330. Determine d(46).
-8
Let c(a) = 2*a**3 + 30*a**2 + 54*a + 33. Calculate c(-13).
7
Let i(q) = -q**3 + 8*q**2 - 2*q - 14. Determine i(6).
46
Let j(c) = 2*c**3 - 40*c**2 - 316*c + 106. What is j(26)?
2
Let j(t) = -14*t + 337. What is j(21)?
43
Let g(q) = -324*q - 11948. What is g(-37)?
40
Let k(c) = c**3 - 20*c**2 + 63*c - 475. What is k(18)?
11
Let o(s) = 77*s - 1359. Give o(19).
104
Let i(l) = -2*l**2 + 27*l + 39. Determine i(16).
-41
Let p(u) = -505*u - 3586. What is p(-7)?
-51
Let w(l) = -l**3 + 24*l**2 - 85*l + 40. Give w(4).
20
Let t(l) = 8*l**2 + 29*l + 39. Calculate t(-3).
24
Let b(g) = -g**2 - 9*g + 127. What is b(15)?
-233
Let h(c) = -c**3 + 8*c**2 - 44*c + 257. What is h(7)?
-2
Let h(i) = -i**2 + 1207*i - 7187. What is h(6)?
19
Let x(v) = v**3 - 33*v**2 + 29*v + 64. What is x(32)?
-32
Let s(a) = -286*a - 1708. What is s(-6)?
8
Let u(n) = -2*n**2 - 6545*n + 13084. What is u(2)?
-14
Let i(y) = y**2 - 10. Give i(-13).
159
Let s(v) = v**2 - 56*v + 474. Give s(36).
-246
Let j(p) = -2*p**3 - 13*p**2 + 28*p + 65. What is j(-8)?
33
Let i(k) = -50*k**2 + 3401*k - 8. Give i(68).
60
Let c(l) = -l**2 + 58*l - 734. Calculate c(39).
7
Let l(r) = 486*r - 1456. Determine l(3).
2
Let m(s) = -45*s**3 - 2*s**2 + 5*s + 3. Calculate m(2).
-355
Let w(a) = -a**3 - 8*a**2 - 7*a + 70. What is w(-8)?
126
Let p(t) = -17*t + 303. Give p(9).
150
Let u(t) = -162*t**2 - 327*t - 1. Calculate u(-2).
5
Let w(d) = -d**3 - 14*d**2 + 5*d + 171. What is w(-10)?
-279
Let p(x) = -x**3 + 8*x**2 + 48*x - 37. What is p(12)?
-37
Let v(s) = 483*s + 5796. Give v(-12).
0
Let m(y) = -117*y - 232. Calculate m(-2).
2
Let s(w) = -7*w + 139. Determine s(12).
55
Let z(u) = -9*u + 648. Determine z(74).
-18
Let c(h) = -6*h**3 - 92*h**2 + 56*h - 6. What is c(-16)?
122
Let i(q) = q**2 - 19*q + 114. Give i(10).
24
Let w(m) = m**3 - 12*m**2 + 135*m - 819. Give w(8).
5
Let x(b) = -b**3 + b**2 + 86*b - 163. Give x(2).
5
Let y(w) = w**3 + 66*w**2 + 362*w - 25. Calculate y(-6).
-37
Let s(h) = -28*h + 11. Give s(1).
-17
Let p(m) = 67*m - 1790. Calculate p(26).
-48
Let g(t) = t**3 - 30*t**2 - 933*t - 42. Calculate g(-19).
-4
Let g(a) = -1170*a + 14047. Determine g(12).
7
Let t(n) = n**2 - 16*n + 73. Calculate t(10).
13
Let a(h) = 3*h**3 - 19*h**2 + 27*h - 87. Determine a(6).
39
Let r(i) = -2*i**3 + 16*i**2 - 27*i - 18. What is r(5)?
-3
Let o(q) = -11*q + 84. What is o(-8)?
172
Let r(k) = 1197*k - 11948. Give r(10).
22
Let l(v) = v**2 - 524*v - 2104. Calculate l(-4).
8
Let a(b) = -b**3 - 39*b**2 + 181*b + 7071. Calculate a(-39).
12
Let n(r) = -16